{"id":639,"date":"2024-01-09T09:36:19","date_gmt":"2024-01-09T12:36:19","guid":{"rendered":"https:\/\/tropicalmoveisgyn.com.br\/?post_type=product&#038;p=639"},"modified":"2024-02-01T11:24:26","modified_gmt":"2024-02-01T14:24:26","slug":"fogao-4-bocas-atlas-monaco-plus-branco-mesa-inox-e-acendimento-automatico-novo-de-outlet-1-ano-de-garantia","status":"publish","type":"product","link":"https:\/\/tropicalmoveisgyn.com.br\/index.php\/product\/fogao-4-bocas-atlas-monaco-plus-branco-mesa-inox-e-acendimento-automatico-novo-de-outlet-1-ano-de-garantia\/","title":{"rendered":"Fog\u00e3o 4 bocas Atlas M\u00f4naco Plus Branco Mesa inox e acendimento autom\u00e1tico (Novo de Outlet) 1 Ano de Garantia"},"content":{"rendered":"<ul class=\"a-unordered-list a-vertical a-spacing-none\">\n<li class=\"a-spacing-mini\"><span class=\"a-list-item\">Possui mesa de INOX em um formato inovador<\/span><\/li>\n<li class=\"a-spacing-mini\"><span class=\"a-list-item\">Sistema de acendimento autom\u00e1tico<\/span><\/li>\n<li class=\"a-spacing-mini\"><span class=\"a-list-item\">Trempes em nova trama, que s\u00e3o robustos e aderem melhor \u00e0 base das panelas<\/span><\/li>\n<li class=\"a-spacing-mini\"><span class=\"a-list-item\">O forno tem capacidade para 50 L, os p\u00e9s s\u00e3o mais altos e acompanham o formato frontal do fog\u00e3o<\/span><\/li>\n<\/ul>\n","protected":false},"excerpt":{"rendered":"<p>Possui mesa de INOX em um formato inovador Sistema de acendimento autom\u00e1tico Trempes em nova trama, que s\u00e3o robustos e aderem melhor \u00e0 base das panelas O forno tem capacidade para 50 L, os p\u00e9s s\u00e3o mais altos e acompanham o formato frontal do fog\u00e3o<\/p>\n","protected":false},"featured_media":640,"comment_status":"open","ping_status":"closed","template":"","meta":{"_joinchat":[]},"product_brand":[],"product_cat":[21],"product_tag":[],"class_list":{"0":"post-639","1":"product","2":"type-product","3":"status-publish","4":"has-post-thumbnail","6":"product_cat-fogoes-e-micro-ondas","8":"first","9":"instock","10":"shipping-taxable","11":"purchasable","12":"product-type-simple"},"yoast_head":"<!-- This site is optimized with the Yoast SEO plugin v27.3 - https:\/\/yoast.com\/product\/yoast-seo-wordpress\/ -->\n<title>Fog\u00e3o 4 bocas Atlas M\u00f4naco Plus Branco Mesa inox e acendimento autom\u00e1tico (Novo de Outlet) 1 Ano de Garantia - Tropical Moveis<\/title>\n<meta name=\"robots\" content=\"index, follow, max-snippet:-1, max-image-preview:large, max-video-preview:-1\" \/>\n<link rel=\"canonical\" href=\"https:\/\/tropicalmoveisgyn.com.br\/index.php\/product\/fogao-4-bocas-atlas-monaco-plus-branco-mesa-inox-e-acendimento-automatico-novo-de-outlet-1-ano-de-garantia\/\" \/>\n<meta property=\"og:locale\" content=\"pt_BR\" \/>\n<meta property=\"og:type\" content=\"article\" \/>\n<meta property=\"og:title\" content=\"Fog\u00e3o 4 bocas Atlas M\u00f4naco Plus Branco Mesa inox e acendimento autom\u00e1tico (Novo de Outlet) 1 Ano de Garantia - Tropical Moveis\" \/>\n<meta property=\"og:description\" content=\"Possui mesa de INOX em um formato inovador Sistema de acendimento autom\u00e1tico Trempes em nova trama, que s\u00e3o robustos e aderem melhor \u00e0 base das panelas O forno tem capacidade para 50 L, os p\u00e9s s\u00e3o mais altos e acompanham o formato frontal do fog\u00e3o\" \/>\n<meta property=\"og:url\" content=\"https:\/\/tropicalmoveisgyn.com.br\/index.php\/product\/fogao-4-bocas-atlas-monaco-plus-branco-mesa-inox-e-acendimento-automatico-novo-de-outlet-1-ano-de-garantia\/\" \/>\n<meta property=\"og:site_name\" content=\"Tropical Moveis\" \/>\n<meta property=\"article:modified_time\" content=\"2024-02-01T14:24:26+00:00\" \/>\n<meta property=\"og:image\" content=\"https:\/\/tropicalmoveisgyn.com.br\/wp-content\/uploads\/2024\/01\/IMG_3020-scaled.jpeg\" \/>\n\t<meta property=\"og:image:width\" content=\"1920\" \/>\n\t<meta property=\"og:image:height\" content=\"2560\" \/>\n\t<meta property=\"og:image:type\" content=\"image\/jpeg\" \/>\n<meta name=\"twitter:card\" content=\"summary_large_image\" \/>\n<script type=\"application\/ld+json\" class=\"yoast-schema-graph\">{\"@context\":\"https:\\\/\\\/schema.org\",\"@graph\":[{\"@type\":\"WebPage\",\"@id\":\"https:\\\/\\\/tropicalmoveisgyn.com.br\\\/index.php\\\/product\\\/fogao-4-bocas-atlas-monaco-plus-branco-mesa-inox-e-acendimento-automatico-novo-de-outlet-1-ano-de-garantia\\\/\",\"url\":\"https:\\\/\\\/tropicalmoveisgyn.com.br\\\/index.php\\\/product\\\/fogao-4-bocas-atlas-monaco-plus-branco-mesa-inox-e-acendimento-automatico-novo-de-outlet-1-ano-de-garantia\\\/\",\"name\":\"Fog\u00e3o 4 bocas Atlas M\u00f4naco Plus Branco Mesa inox e acendimento autom\u00e1tico (Novo de Outlet) 1 Ano de Garantia - Tropical Moveis\",\"isPartOf\":{\"@id\":\"https:\\\/\\\/tropicalmoveisgyn.com.br\\\/#website\"},\"primaryImageOfPage\":{\"@id\":\"https:\\\/\\\/tropicalmoveisgyn.com.br\\\/index.php\\\/product\\\/fogao-4-bocas-atlas-monaco-plus-branco-mesa-inox-e-acendimento-automatico-novo-de-outlet-1-ano-de-garantia\\\/#primaryimage\"},\"image\":{\"@id\":\"https:\\\/\\\/tropicalmoveisgyn.com.br\\\/index.php\\\/product\\\/fogao-4-bocas-atlas-monaco-plus-branco-mesa-inox-e-acendimento-automatico-novo-de-outlet-1-ano-de-garantia\\\/#primaryimage\"},\"thumbnailUrl\":\"https:\\\/\\\/tropicalmoveisgyn.com.br\\\/wp-content\\\/uploads\\\/2024\\\/01\\\/IMG_3020-scaled.jpeg\",\"datePublished\":\"2024-01-09T12:36:19+00:00\",\"dateModified\":\"2024-02-01T14:24:26+00:00\",\"breadcrumb\":{\"@id\":\"https:\\\/\\\/tropicalmoveisgyn.com.br\\\/index.php\\\/product\\\/fogao-4-bocas-atlas-monaco-plus-branco-mesa-inox-e-acendimento-automatico-novo-de-outlet-1-ano-de-garantia\\\/#breadcrumb\"},\"inLanguage\":\"pt-BR\",\"potentialAction\":[{\"@type\":\"ReadAction\",\"target\":[\"https:\\\/\\\/tropicalmoveisgyn.com.br\\\/index.php\\\/product\\\/fogao-4-bocas-atlas-monaco-plus-branco-mesa-inox-e-acendimento-automatico-novo-de-outlet-1-ano-de-garantia\\\/\"]}]},{\"@type\":\"ImageObject\",\"inLanguage\":\"pt-BR\",\"@id\":\"https:\\\/\\\/tropicalmoveisgyn.com.br\\\/index.php\\\/product\\\/fogao-4-bocas-atlas-monaco-plus-branco-mesa-inox-e-acendimento-automatico-novo-de-outlet-1-ano-de-garantia\\\/#primaryimage\",\"url\":\"https:\\\/\\\/tropicalmoveisgyn.com.br\\\/wp-content\\\/uploads\\\/2024\\\/01\\\/IMG_3020-scaled.jpeg\",\"contentUrl\":\"https:\\\/\\\/tropicalmoveisgyn.com.br\\\/wp-content\\\/uploads\\\/2024\\\/01\\\/IMG_3020-scaled.jpeg\",\"width\":1920,\"height\":2560},{\"@type\":\"BreadcrumbList\",\"@id\":\"https:\\\/\\\/tropicalmoveisgyn.com.br\\\/index.php\\\/product\\\/fogao-4-bocas-atlas-monaco-plus-branco-mesa-inox-e-acendimento-automatico-novo-de-outlet-1-ano-de-garantia\\\/#breadcrumb\",\"itemListElement\":[{\"@type\":\"ListItem\",\"position\":1,\"name\":\"In\u00edcio\",\"item\":\"https:\\\/\\\/tropicalmoveisgyn.com.br\\\/\"},{\"@type\":\"ListItem\",\"position\":2,\"name\":\"Shop\",\"item\":\"https:\\\/\\\/tropicalmoveisgyn.com.br\\\/index.php\\\/shop\\\/\"},{\"@type\":\"ListItem\",\"position\":3,\"name\":\"Fog\u00e3o 4 bocas Atlas M\u00f4naco Plus Branco Mesa inox e acendimento autom\u00e1tico (Novo de Outlet) 1 Ano de Garantia\"}]},{\"@type\":\"WebSite\",\"@id\":\"https:\\\/\\\/tropicalmoveisgyn.com.br\\\/#website\",\"url\":\"https:\\\/\\\/tropicalmoveisgyn.com.br\\\/\",\"name\":\"Tropical Moveis\",\"description\":\"\",\"publisher\":{\"@id\":\"https:\\\/\\\/tropicalmoveisgyn.com.br\\\/#organization\"},\"potentialAction\":[{\"@type\":\"SearchAction\",\"target\":{\"@type\":\"EntryPoint\",\"urlTemplate\":\"https:\\\/\\\/tropicalmoveisgyn.com.br\\\/?s={search_term_string}\"},\"query-input\":{\"@type\":\"PropertyValueSpecification\",\"valueRequired\":true,\"valueName\":\"search_term_string\"}}],\"inLanguage\":\"pt-BR\"},{\"@type\":\"Organization\",\"@id\":\"https:\\\/\\\/tropicalmoveisgyn.com.br\\\/#organization\",\"name\":\"Tropical Moveis\",\"url\":\"https:\\\/\\\/tropicalmoveisgyn.com.br\\\/\",\"logo\":{\"@type\":\"ImageObject\",\"inLanguage\":\"pt-BR\",\"@id\":\"https:\\\/\\\/tropicalmoveisgyn.com.br\\\/#\\\/schema\\\/logo\\\/image\\\/\",\"url\":\"http:\\\/\\\/tropicalmoveisgyn.com.br\\\/wp-content\\\/uploads\\\/2026\\\/03\\\/cropped-WhatsApp-Image-2026-03-23-at-17.02.58.jpeg\",\"contentUrl\":\"http:\\\/\\\/tropicalmoveisgyn.com.br\\\/wp-content\\\/uploads\\\/2026\\\/03\\\/cropped-WhatsApp-Image-2026-03-23-at-17.02.58.jpeg\",\"width\":512,\"height\":512,\"caption\":\"Tropical Moveis\"},\"image\":{\"@id\":\"https:\\\/\\\/tropicalmoveisgyn.com.br\\\/#\\\/schema\\\/logo\\\/image\\\/\"}}]}<\/script>\n<!-- \/ Yoast SEO plugin. -->","yoast_head_json":{"title":"Fog\u00e3o 4 bocas Atlas M\u00f4naco Plus Branco Mesa inox e acendimento autom\u00e1tico (Novo de Outlet) 1 Ano de Garantia - Tropical Moveis","robots":{"index":"index","follow":"follow","max-snippet":"max-snippet:-1","max-image-preview":"max-image-preview:large","max-video-preview":"max-video-preview:-1"},"canonical":"https:\/\/tropicalmoveisgyn.com.br\/index.php\/product\/fogao-4-bocas-atlas-monaco-plus-branco-mesa-inox-e-acendimento-automatico-novo-de-outlet-1-ano-de-garantia\/","og_locale":"pt_BR","og_type":"article","og_title":"Fog\u00e3o 4 bocas Atlas M\u00f4naco Plus Branco Mesa inox e acendimento autom\u00e1tico (Novo de Outlet) 1 Ano de Garantia - Tropical Moveis","og_description":"Possui mesa de INOX em um formato inovador Sistema de acendimento autom\u00e1tico Trempes em nova trama, que s\u00e3o robustos e aderem melhor \u00e0 base das panelas O forno tem capacidade para 50 L, os p\u00e9s s\u00e3o mais altos e acompanham o formato frontal do fog\u00e3o","og_url":"https:\/\/tropicalmoveisgyn.com.br\/index.php\/product\/fogao-4-bocas-atlas-monaco-plus-branco-mesa-inox-e-acendimento-automatico-novo-de-outlet-1-ano-de-garantia\/","og_site_name":"Tropical Moveis","article_modified_time":"2024-02-01T14:24:26+00:00","og_image":[{"width":1920,"height":2560,"url":"https:\/\/tropicalmoveisgyn.com.br\/wp-content\/uploads\/2024\/01\/IMG_3020-scaled.jpeg","type":"image\/jpeg"}],"twitter_card":"summary_large_image","schema":{"@context":"https:\/\/schema.org","@graph":[{"@type":"WebPage","@id":"https:\/\/tropicalmoveisgyn.com.br\/index.php\/product\/fogao-4-bocas-atlas-monaco-plus-branco-mesa-inox-e-acendimento-automatico-novo-de-outlet-1-ano-de-garantia\/","url":"https:\/\/tropicalmoveisgyn.com.br\/index.php\/product\/fogao-4-bocas-atlas-monaco-plus-branco-mesa-inox-e-acendimento-automatico-novo-de-outlet-1-ano-de-garantia\/","name":"Fog\u00e3o 4 bocas Atlas M\u00f4naco Plus Branco Mesa inox e acendimento autom\u00e1tico (Novo de Outlet) 1 Ano de Garantia - Tropical Moveis","isPartOf":{"@id":"https:\/\/tropicalmoveisgyn.com.br\/#website"},"primaryImageOfPage":{"@id":"https:\/\/tropicalmoveisgyn.com.br\/index.php\/product\/fogao-4-bocas-atlas-monaco-plus-branco-mesa-inox-e-acendimento-automatico-novo-de-outlet-1-ano-de-garantia\/#primaryimage"},"image":{"@id":"https:\/\/tropicalmoveisgyn.com.br\/index.php\/product\/fogao-4-bocas-atlas-monaco-plus-branco-mesa-inox-e-acendimento-automatico-novo-de-outlet-1-ano-de-garantia\/#primaryimage"},"thumbnailUrl":"https:\/\/tropicalmoveisgyn.com.br\/wp-content\/uploads\/2024\/01\/IMG_3020-scaled.jpeg","datePublished":"2024-01-09T12:36:19+00:00","dateModified":"2024-02-01T14:24:26+00:00","breadcrumb":{"@id":"https:\/\/tropicalmoveisgyn.com.br\/index.php\/product\/fogao-4-bocas-atlas-monaco-plus-branco-mesa-inox-e-acendimento-automatico-novo-de-outlet-1-ano-de-garantia\/#breadcrumb"},"inLanguage":"pt-BR","potentialAction":[{"@type":"ReadAction","target":["https:\/\/tropicalmoveisgyn.com.br\/index.php\/product\/fogao-4-bocas-atlas-monaco-plus-branco-mesa-inox-e-acendimento-automatico-novo-de-outlet-1-ano-de-garantia\/"]}]},{"@type":"ImageObject","inLanguage":"pt-BR","@id":"https:\/\/tropicalmoveisgyn.com.br\/index.php\/product\/fogao-4-bocas-atlas-monaco-plus-branco-mesa-inox-e-acendimento-automatico-novo-de-outlet-1-ano-de-garantia\/#primaryimage","url":"https:\/\/tropicalmoveisgyn.com.br\/wp-content\/uploads\/2024\/01\/IMG_3020-scaled.jpeg","contentUrl":"https:\/\/tropicalmoveisgyn.com.br\/wp-content\/uploads\/2024\/01\/IMG_3020-scaled.jpeg","width":1920,"height":2560},{"@type":"BreadcrumbList","@id":"https:\/\/tropicalmoveisgyn.com.br\/index.php\/product\/fogao-4-bocas-atlas-monaco-plus-branco-mesa-inox-e-acendimento-automatico-novo-de-outlet-1-ano-de-garantia\/#breadcrumb","itemListElement":[{"@type":"ListItem","position":1,"name":"In\u00edcio","item":"https:\/\/tropicalmoveisgyn.com.br\/"},{"@type":"ListItem","position":2,"name":"Shop","item":"https:\/\/tropicalmoveisgyn.com.br\/index.php\/shop\/"},{"@type":"ListItem","position":3,"name":"Fog\u00e3o 4 bocas Atlas M\u00f4naco Plus Branco Mesa inox e acendimento autom\u00e1tico (Novo de Outlet) 1 Ano de Garantia"}]},{"@type":"WebSite","@id":"https:\/\/tropicalmoveisgyn.com.br\/#website","url":"https:\/\/tropicalmoveisgyn.com.br\/","name":"Tropical Moveis","description":"","publisher":{"@id":"https:\/\/tropicalmoveisgyn.com.br\/#organization"},"potentialAction":[{"@type":"SearchAction","target":{"@type":"EntryPoint","urlTemplate":"https:\/\/tropicalmoveisgyn.com.br\/?s={search_term_string}"},"query-input":{"@type":"PropertyValueSpecification","valueRequired":true,"valueName":"search_term_string"}}],"inLanguage":"pt-BR"},{"@type":"Organization","@id":"https:\/\/tropicalmoveisgyn.com.br\/#organization","name":"Tropical Moveis","url":"https:\/\/tropicalmoveisgyn.com.br\/","logo":{"@type":"ImageObject","inLanguage":"pt-BR","@id":"https:\/\/tropicalmoveisgyn.com.br\/#\/schema\/logo\/image\/","url":"http:\/\/tropicalmoveisgyn.com.br\/wp-content\/uploads\/2026\/03\/cropped-WhatsApp-Image-2026-03-23-at-17.02.58.jpeg","contentUrl":"http:\/\/tropicalmoveisgyn.com.br\/wp-content\/uploads\/2026\/03\/cropped-WhatsApp-Image-2026-03-23-at-17.02.58.jpeg","width":512,"height":512,"caption":"Tropical Moveis"},"image":{"@id":"https:\/\/tropicalmoveisgyn.com.br\/#\/schema\/logo\/image\/"}}]}},"_links":{"self":[{"href":"https:\/\/tropicalmoveisgyn.com.br\/index.php\/wp-json\/wp\/v2\/product\/639","targetHints":{"allow":["GET"]}}],"collection":[{"href":"https:\/\/tropicalmoveisgyn.com.br\/index.php\/wp-json\/wp\/v2\/product"}],"about":[{"href":"https:\/\/tropicalmoveisgyn.com.br\/index.php\/wp-json\/wp\/v2\/types\/product"}],"replies":[{"embeddable":true,"href":"https:\/\/tropicalmoveisgyn.com.br\/index.php\/wp-json\/wp\/v2\/comments?post=639"}],"wp:featuredmedia":[{"embeddable":true,"href":"https:\/\/tropicalmoveisgyn.com.br\/index.php\/wp-json\/wp\/v2\/media\/640"}],"wp:attachment":[{"href":"https:\/\/tropicalmoveisgyn.com.br\/index.php\/wp-json\/wp\/v2\/media?parent=639"}],"wp:term":[{"taxonomy":"product_brand","embeddable":true,"href":"https:\/\/tropicalmoveisgyn.com.br\/index.php\/wp-json\/wp\/v2\/product_brand?post=639"},{"taxonomy":"product_cat","embeddable":true,"href":"https:\/\/tropicalmoveisgyn.com.br\/index.php\/wp-json\/wp\/v2\/product_cat?post=639"},{"taxonomy":"product_tag","embeddable":true,"href":"https:\/\/tropicalmoveisgyn.com.br\/index.php\/wp-json\/wp\/v2\/product_tag?post=639"}],"curies":[{"name":"wp","href":"https:\/\/api.w.org\/{rel}","templated":true}]}}